22 - 3?
-22103223010231
In base 7, what is -3556135 - -552?
-3555253
In base 7, what is -26 + 155231562?
155231533
In base 4, what is 23203112 - -230?
23210002
In base 6, what is -551203 - -125?
-551034
In base 15, what is 2 + e758b4?
e758b6
In base 15, what is -278d55 - 5?
-278d5a
In base 2, what is -101 + -100000100010101?
-100000100011010
In base 8, what is 575331 - 2756?
572353
In base 6, what is 20 + -131045201?
-131045141
In base 6, what is 5011 + -25445433?
-25440422
In base 2, what is -1011111001001001011001101 + 100?
-1011111001001001011001001
In base 14, what is 60dcb + 4bd?
614aa
In base 16, what is -e2df9 + 0?
-e2df9
In base 7, what is 11421 + 15305?
30026
In base 7, what is -1650320 + -1?
-1650321
In base 8, what is -11323 + 647?
-10454
In base 5, what is 333420 + 1100101?
1434021
In base 16, what is -39a1a + -12?
-39a2c
In base 5, what is -13141 + -2313101?
-2331242
In base 14, what is 3ba568 + 91?
3ba619
In base 3, what is -111011 + -1012110020?
-1012221101
In base 3, what is -201012102221 + -1111?
-201012111102
In base 3, what is 22002121 + -1221?
22000200
In base 16, what is 32 + 78413?
78445
In base 12, what is 10b82 + 17b9b?
28b61
In base 12, what is 6 - -928882?
928888
In base 9, what is 58 - -7600274?
7600343
In base 3, what is -101110 - 2110000101021?
-2110000202201
In base 4, what is 100030333 - -2?
100031001
In base 15, what is -208a6e + -1b?
-208a8a
In base 12, what is 258 - 36981?
-36725
In base 5, what is -11003044 + 1004?
-11002040
In base 11, what is -3 + -12602304?
-12602307
In base 6, what is 130 - 204350?
-204220
In base 2, what is -1010110011 + -110000010111010?
-110001101101101
In base 4, what is 302213 - 3002102?
-2033223
In base 10, what is -42309843 + -12?
-42309855
In base 13, what is -1 - -27a88585?
27a88584
In base 4, what is -100013 + -1103311013?
-1110011032
In base 14, what is 2 + -5d4948?
-5d4946
In base 10, what is -8 + 3730?
3722
In base 4, what is -12200322312 - -1?
-12200322311
In base 3, what is 100121102112102112 - -10?
100121102112102122
In base 15, what is -d863 + -7d?
-d8e1
In base 8, what is -1115621 - -36?
-1115563
In base 14, what is -3 - bc87b?
-bc880
In base 14, what is 7 + -10690b?
-106904
In base 9, what is -14 - -20063247?
20063233
In base 16, what is 25 - 2cddc?
-2cdb7
In base 8, what is -4 + -12425503?
-12425507
In base 3, what is -11 + 1202022100021?
1202022100010
In base 10, what is -974 - -47?
-927
In base 9, what is -84331743 - -3?
-84331740
In base 11, what is 8a991 + 1?
8a992
In base 10, what is -6524731 + 5?
-6524726
In base 14, what is -197d - -685?
-12d8
In base 7, what is 3 - -634152535?
634152541
In base 9, what is 735 - 218481?
-217645
In base 14, what is 56b588 - 19?
56b56d
In base 9, what is -187645 + -741?
-188486
In base 4, what is -20011301021300 + 3?
-20011301021231
In base 14, what is 3 - -1065b0c?
1065b11
In base 10, what is 669622 + -45?
669577
In base 15, what is -1 + -420816?
-420817
In base 7, what is -20244064 - 6?
-20244103
In base 10, what is 3 + 1822369?
1822372
In base 5, what is -20112 - -3?
-20104
In base 8, what is 12701772 - -12?
12702004
In base 9, what is 22 + -1762117?
-1762085
In base 9, what is -114063615 - 1?
-114063616
In base 14, what is 0 + -c3cb43?
-c3cb43
In base 15, what is 9558 - 108e?
84b9
In base 9, what is 8 + 4526272?
4526281
In base 13, what is 1 - 3982aa6?
-3982aa5
In base 8, what is 165 + 437267?
437454
In base 9, what is 1144 + -13612?
-12457
In base 12, what is 15b7497 - -a?
15b74a5
In base 3, what is 222200 + 110102112?
111102012
In base 13, what is -355c - 22a?
-3789
In base 10, what is 2517 + -99963?
-97446
In base 15, what is 7a948 - 130?
7a818
In base 15, what is dc3e + -85?
dba9
In base 12, what is -1 - -87a58?
87a57
In base 11, what is -57823567 + 2?
-57823565
In base 15, what is -228e4c5a - -5?
-228e4c55
In base 7, what is -32031453601 - -5?
-32031453563
In base 13, what is 652b857 + 1?
652b858
In base 10, what is 5 + -6651708?
-6651703
In base 7, what is 50 + 11414152?
11414232
In base 3, what is 201102120112202 + -101?
201102120112101
In base 5, what is -212404 - -12311?
-200043
In base 9, what is 462015303 - 4?
462015288
In base 4, what is -100 - -121302310002?
121302303302
In base 8, what is -3243 + 51615?
46352
In base 16, what is -17 + -32a1f?
-32a36
In base 11, what is 22942 + 62?
229a4
In base 13, what is -2 - -462803?
462801
In base 14, what is -5 + -15ab60?
-15ab65
In base 9, what is -2305 + -235076?
-237382
In base 5, what is 4 - 334221440312?
-334221440303
In base 14, what is -3 - 32c48c?
-32c491
In base 12, what is 359586 + 65?
35962b
In base 2, what is -100111010111100110 + 1100111001011?
-100101110000011011
In base 16, what is -109c4ae + -3?
-109c4b1
In base 12, what is a196 - -333?
a509
In base 12, what is 11a4a92 - -1?
11a4a93
In base 9, what is -3344755 - 8?
-3344764
In base 15, what is 3697e + 1ab?
36b3a
In base 16, what is 6d9e0 + -2dc?
6d704
In base 16, what is 238 + -94cd1?
-94a99
In base 8, what is 17257364 + -16?
17257346
In base 4, what is 203132033312 + 2?
203132033320
In base 4, what is -3 + -30030002120?
-30030002123
In base 13, what is 1235a - 105?
12255
In base 11, what is -8947210 - 1?
-8947211
In base 2, what is 1010110100011 - -11101111000?
1110100011011
In base 15, what is -131292 + -17a?
-13141c
In base 13, what is -5379032 - 8?
-537903a
In base 2, what is -1 + -11010010110101111010111111?
-11010010110101111011000000
In base 9, what is -4138 + -3485?
-7634
In base 9, what is 157414 + 35?
157450
In base 6, what is -21502341223 - 4?
-21502341231
In base 6, what is 154500 - 334402?
-135502
In base 16, what is -55b5 + 549?
-506c
In base 10, what is 689 + -1033119?
-1032430
In base 16, what is -66110b - -1d?
-6610ee
In base 3, what is 1121222120 - -1012122?
1200012012
In base 5, what is 143 - -134111202?
134111400
In base 10, what is 1 + 1226758?
1226759
In base 9, what is -6460 - -1284?
-5165
In base 13, what is -1 - 3a5a36?
-3a5a37
In base 4, what is 130332222000 - 12?
130332221322
In base 14, what is -b5b1b3b + 0?
-b5b1b3b
In base 16, what is 7c93c8e3 - 5?
7c93c8de
In base 14, what is 188 + 255?
3dd
In base 15, what is 11aa219 + -4?
11aa215
In base 10, what is 568 - -29291?
29859
In base 16, what is -27 - -60108?
600e1
In base 9, what is 363637021 + 1?
363637022
In base 6, what is -2245 - -214554?
212305
In base 11, what is 938462a0 + 0?
938462a0
In base 6, what is -11055131 - -12523?
-11042204
In base 6, what is 104203410 - -14?
104203424
In base 5, what is 14434400 - -112?
14440012
In base 3, what is 102221120221212 - 10?
102221120221202
In base 14, what is -6dba95c + 6?
-6dba956
In base 15, what is c8dace - -6?
c8dad5
In base 9, what is 23113 + -260?
22743
In base 3, what is 102111221022 + -11011101?
102100202221
In base 10, what is 14340663 + 5?
14340668
In base 9, what is 18 + 284187?
284216
In base 10, what is 3472723 + 9?
3472732
In base 15, what is -dd2 + 16bd?
7db
In base 5, what is 1123 + -4011003?
-4004330
In base 11, what is -5 - -855755?
855750
In base 2, what is 10010001010101110 - 10111?
10010001010010111
In base 3, what is 1 - -2122110112110112?
2122110112110120
In base 6, what is 3 - 20330120?
-20330113
In base 8, what is -4 + -6273312?
-6273316
In base 2, what is 1110110111101100 + 1100100110110?
10000011100100010
In base 5, what is -4030420 + -22403?
-4103323
In base 6, what is 4 + -1140403233?
-1140403225
In base 15, what is -557 + 50470?
4ee18
In base 9, what is -1 + -33405178?
-33405180
In base 12, what is -2242 + 103?
-213b
In base 3, what is 102 + 10021212202212012?
10021212202212121
In base 16, what is 156 - 2d486?
-2d330
In base 10, what is 25584 + 717?
26301
In base 4, what is 11 - -110312223222320?
110312223222331
In base 16, what is -35d8 - -7ef?
-2de9
In base 8, what is -5447561 + -77?
-5447660
In base 2, what is 11101101111011111011101 - 1?
11101101111011111011100
In base 4, what is -31131 + 22103112?
22011321
In base 9, what is 0 + 111346723?
111346723
In base 2, what is 11000 + -101101111000001111?
-101101110111110111
In base 7, what is 2 - -2136515125?
2136515130
In base 16, what is -3 - c9f9?
-c9fc
In base 8, what is -11637 + 122020?
110161
In base 15, what is e4ac + 155?
e612
In base 4, what is 3212331 + -10230131?
-1011200
In base 3, what is -121